2*i + 33. Calculate t(-7).
-2
Let u(r) = -5*r + 41. What is u(19)?
-54
Let a(o) = o**3 - 9*o**2 - 25*o + 210. Determine a(9).
-15
Let t(c) = c - 13. What is t(6)?
-7
Let q(m) = 3*m - 6. Determine q(-5).
-21
Let r(s) = 5*s - 61. Determine r(18).
29
Let b(i) = i**3 - 7*i**2 + 12*i - 6. Calculate b(5).
4
Let l(i) = 3*i + 29. Determine l(-12).
-7
Let c(m) = m**3 - m**2 + 2*m. What is c(-3)?
-42
Let z(g) = 8*g + 5. Calculate z(-5).
-35
Let j(g) = 6*g - 22. Give j(3).
-4
Let d(r) = 3*r - 12. Calculate d(5).
3
Let u(l) = 6*l - 136. Determine u(22).
-4
Let j(l) = -8*l - 2. Calculate j(-2).
14
Let z(v) = v**3 + 2*v + 1. What is z(3)?
34
Let o(v) = 12*v - 7. Give o(-5).
-67
Let d(x) = -x**3 - x**2 - x + 26. Calculate d(0).
26
Let b(h) = 12*h + 123. What is b(-9)?
15
Let q(l) = l + 14. Calculate q(5).
19
Let c(m) = -6*m - 54. Calculate c(-10).
6
Let f(m) = -2*m**2 - 9*m + 6. Determine f(-5).
1
Let p(l) = 23*l - 267. Calculate p(12).
9
Let n(t) = -2*t + 3. Give n(4).
-5
Let k(r) = r**3 + 4*r**2 - 7*r - 27. Give k(-4).
1
Let c(y) = -y**2 - 12*y + 18. Determine c(-14).
-10
Let w(q) = -q**3 - 5*q**2 + 7*q + 6. What is w(-6)?
0
Let s(a) = a**3 + 13*a**2 + 15*a + 24. Give s(-12).
-12
Let o(m) = -10*m - 4. What is o(-3)?
26
Let x(k) = -k**2 + 3*k + 9. Calculate x(5).
-1
Let g(r) = r**3 - 3*r**2 + 5*r - 4. What is g(2)?
2
Let o(y) = y**3 - 12*y**2 + 22*y - 94. Calculate o(11).
27
Let t(w) = -w**3 + 3*w**2 - w + 1. Give t(4).
-19
Let c(d) = 2*d - 5. Give c(3).
1
Let l(g) = 9*g - 17. Give l(6).
37
Let s(m) = -7*m + 1. What is s(0)?
1
Let m(s) = 3*s**2 + 8*s + 11. Calculate m(-2).
7
Let t(n) = -2*n**3 - 5*n**2 + 3*n + 3. Give t(-3).
3
Let o(b) = b**3 - b**2 - 9*b + 17. Give o(2).
3
Let f(k) = 4*k - 11. What is f(12)?
37
Let i(r) = r**2 - 11*r - 8. Calculate i(12).
4
Let u(f) = 2*f + 56. Calculate u(-25).
6
Let r(p) = 6*p + 14. Determine r(-3).
-4
Let n(b) = 11*b + 125. Calculate n(-11).
4
Let s(a) = -a**3 + 7*a**2 - a + 4. Give s(7).
-3
Let x(i) = -i**3 - 7*i**2. Determine x(-7).
0
Let f(k) = k**3 - 9*k**2 + 7*k + 13. Determine f(8).
5
Let v(b) = b**2 + b - 4. Calculate v(0).
-4
Let f(b) = -b**3 + 2*b**2 - b. What is f(0)?
0
Let a(b) = b**2 - 16*b + 45. What is a(14)?
17
Let x(p) = p**3 - 8*p**2 - 11*p + 20. Give x(9).
2
Let x(c) = c**3 - 60*c**2 - 2*c + 126. Determine x(60).
6
Let a(b) = b**3 + b**2 + 1. Determine a(-1).
1
Let y(n) = -n**2 - 5*n + 12. Give y(-8).
-12
Let d(p) = -9*p - 169. Determine d(-17).
-16
Let j(n) = n**2 - 11*n + 16. Give j(8).
-8
Let q(t) = 6*t**2 - 4*t - 3. Determine q(-2).
29
Let z(k) = k**3 + 18*k**2 - 2*k - 26. Determine z(-18).
10
Let j(r) = 2*r**3 + 5*r**2 + 4*r + 10. Determine j(-4).
-54
Let i(v) = -11*v. What is i(-15)?
165
Let j(b) = 3*b**2 - 4*b + 6. What is j(5)?
61
Let t(s) = 2*s**3 + 5*s**2 + 12*s + 5. Calculate t(-3).
-40
Let c(p) = 3*p**2 + 10*p - 13. Determine c(-4).
-5
Let f(w) = w**2 + 12*w + 4. Calculate f(-11).
-7
Let c(t) = t**2 - 25*t - 221. Give c(-7).
3
Let m(t) = -t**2 + 16*t - 76. Give m(10).
-16
Let b(n) = n**3 + 6*n**2 + 13*n + 3. Calculate b(-5).
-37
Let t(h) = -3*h**2 + 3*h + 2. Determine t(3).
-16
Let n(d) = -19*d**3 + 3*d**2 + d + 4. Give n(-2).
166
Let v(j) = j**2 + 8*j + 26. Determine v(-6).
14
Let u(d) = -18*d - 122. What is u(-7)?
4
Let j(m) = m**3 - 7*m**2 + 10*m - 15. Calculate j(6).
9
Let t(d) = -d**2 - 4*d + 9. Determine t(-5).
4
Let t(y) = y**3 - 15*y**2 + 3*y - 32. Calculate t(15).
13
Let w(l) = -3*l - 7. Give w(-5).
8
Let d(b) = -9*b - 76. Determine d(-8).
-4
Let t(y) = -9*y**3 - 2*y + 1. Determine t(1).
-10
Let p(g) = g**3 + 10*g**2 + 31*g - 2. Determine p(-5).
-32
Let s(v) = -v**3 - 18*v**2 + 20*v - 41. Determine s(-19).
-60
Let q(b) = -6*b + 20. Calculate q(0).
20
Let x(n) = 35*n - 36. Determine x(1).
-1
Let f(y) = y**2 - 12*y - 12. Calculate f(15).
33
Let k(p) = p - 5. Determine k(-23).
-28
Let v(f) = -f**2 + 15*f - 25. What is v(2)?
1
Let q(j) = -9*j + 3. Calculate q(-4).
39
Let m(a) = -a**3 + 22*a**2 + a - 3. Determine m(22).
19
Let q(k) = -k**3 + k + 2. Calculate q(2).
-4
Let l(b) = -6*b - 2. Calculate l(-5).
28
Let c(x) = -x**3 - 5*x**2 + 9*x + 6. Give c(-6).
-12
Let b(s) = -7*s + 2. Determine b(-1).
9
Let k(p) = p**2 - 10*p - 30. Determine k(12).
-6
Let m(x) = x**3 - 23*x**2 - 2*x + 39. Give m(23).
-7
Let y(m) = -164*m - 1151. What is y(-7)?
-3
Let y(o) = -o - 11. Give y(-8).
-3
Let w(f) = -f**3 - 3*f**2 - 6*f - 6. Calculate w(-3).
12
Let m(r) = r**2 - 18*r + 31. Determine m(15).
-14
Let a(w) = -w**3 + 13*w**2 + 15*w - 10. What is a(14)?
4
Let u(f) = -14*f + 6. Calculate u(0).
6
Let p(k) = -k**3 - 6*k**2 + 7*k + 11. Determine p(-7).
11
Let m(g) = g**3 + 19*g**2 - 43*g - 19. Calculate m(-21).
2
Let u(a) = a**3 + 21*a**2 + 19*a - 27. What is u(-20)?
-7
Let g(p) = p**3 + 3*p**2 - 2*p + 4. Determine g(-4).
-4
Let g(k) = k**3 + 7*k**2 + 9*k + 9. What is g(-5)?
14
Let t(k) = -k**3 + 7*k**2 - 6*k - 4. Determine t(6).
-4
Let c(i) = -i**3 - 12*i**2 - 31*i + 28. Determine c(-5).
8
Let d(o) = -o - 26. What is d(-20)?
-6
Let t(s) = -11*s + 2. Determine t(2).
-20
Let y(u) = u**3 + 4*u**2 + 4*u + 12. What is y(-3)?
9
Let v(r) = 4*r**2 - 5*r + 5. What is v(5)?
80
Let x(c) = -7*c + 9. What is x(8)?
-47
Let w(a) = 5*a - 2. What is w(3)?
13
Let z(j) = 3*j - 39. Calculate z(16).
9
Let k(x) = -x**2 + 16*x + 76. Determine k(-4).
-4
Let y(j) = -j**3 - 9*j**2 + 11*j + 7. What is y(-10)?
-3
Let h(l) = -l**2 - 9*l - 1. Determine h(-9).
-1
Let v(f) = -9*f + 7. Calculate v(-5).
52
Let p(w) = -2*w**3 + 3*w**2 + 9*w - 3. What is p(3)?
-3
Let l(s) = s**2 + s. Calculate l(3).
12
Let v(b) = -b**2 + 7*b - 13. Calculate v(12).
-73
Let h(y) = -y**2 + 15*y - 25. Give h(10).
25
Let z(u) = -u**2 + 8*u - 1. Determine z(7).
6
Let u(q) = q**2 + 13*q - 390. What is u(14)?
-12
Let f(j) = j**2 - 6*j. Give f(7).
7
Let w(a) = 10*a**3 - a**2 - 1. Give w(1).
8
Let m(u) = u + 5. Give m(7).
12
Let m(b) = -b**3 - 2*b**2 + 21. Determine m(0).
21
Let d(c) = c**3 - 3*c**2 - 2*c + 5. What is d(3)?
-1
Let t(y) = 9*y - 17. Give t(7).
46
Let q(z) = -z**3 + z - 1. Determine q(2).
-7
Let b(w) = w**2 - 4*w + 7. Give b(4).
7
Let y(l) = -3*l**2 + 3*l + 3. What is y(3)?
-15
Let c(t) = -t**3 - 32*t**2 - 4*t - 77. Give c(-32).
51
Let c(y) = -y + 23. Calculate c(-9).
32
Let s(g) = -g**2 - 11. Give s(-7).
-60
Let j(g) = 14*g - 14. What is j(-1)?
-28
Let h(x) = -x**3 - 8*x**2 + 7*x - 21. Determine h(-9).
-3
Let j(h) = -h**2 - 24*h - 8. Determine j(-24).
-8
Let y(o) = o**3 - 3*o**2 + 2*o - 3. Give y(2).
-3
Let b(j) = -65*j + 122. Give b(2).
-8
Let y(u) = -u**2 + 8*u + 22. Calculate y(11).
-11
Let n(m) = -m**3 - 7*m**2 - m - 7. Determine n(-7).
0
Let i(z) = -z**2 + 29*z - 23. Determine i(24).
97
Let i(r) = r**3 + 4*r**2 + 5*r + 4. Calculate i(-3).
-2
Let q(p) = -2*p**2 - 41*p - 8. What is q(-20)?
12
Let a(n) = -n**2 + 24*n + 10. Determine a(17).
129
Let z(o) = o**2 - 7*o - 30. Calculate z(-4).
14
Let h(n) = -12*n**2 + 4*n - 1. Give h(1).
-9
Let z(w) = -w - 3. What is z(-3)?
0
Let r(c) = -c**2 - 37*c + 460. Determine r(10).
-10
Let t(x) = 2*x**3 + 3*x**2 - 4*x + 2. What is t(2)?
22
Let a(t) = 16*t + 1. Give a(-1).
-15
Let j(l) = -l**3 - 52*l**2 - 241*l - 277. Calculate j(-47).
5
Let g(x) = x**3 + 9*x**2 + 6*x - 13. Give g(-9).
-67
Let t(a) = 15*a + 36. Calculate t(-5).
-39
Let x(f) = -21*f - 163. Determine x(-8).
5
Let u(n) = -n**2 - 6*n - 4. Determine u(4).
-44
Let o(p) = p**3 + p**2 - 11*p + 7. Calculate o(4).
43
Let b(w) = -w**3 - 8*w**2 - 5*w + 6. Give b(-7).
-8
Let v(b) = -22*b - 391. Calculate v(-18).
5
Let w(z) = z**2 + z - 4. What is w(-3)?
2
Let g(z) = z - 33. Calculate g(9).
-24
Let r(n) = -3*n - 3. Calculate r(-8).
21
Let w(y) = -7*y**3 + 3*y**2 - 3*y + 2. What is w(2)?
-48
Let h(u) = -6*u + 69. Calculate h(7).
27
Let u(d) = d**3 + 2*d**2 - d. Give u(1).
2
Let q(m) = -m**2 - 13*m + 9. Determine q(-14).
-5
Let b(h) = -h**2 - 11*h + 6. Calculate b(-11).
6
Let d(u) = -u + 5. Give d(-5).
10
Let c(l) = 50*l**3 - l**2 + l - 1. What is c(1)?
49
Let c(g) = 3*g + 4. Calculate c(-6).
-14
Let p(i) = -15*i**2. Give p(-1).
-15
Let x(w) = 4*w**3 + w**2 - 3*w - 1. Calculate x(-2).
-23
Let m(y) = y**2 - 15*y - 3. Determine m(15).
-3
Let f(j) = j - 23. What is f(11)?
-12
Let c(q) = -q**2 - 3*q + 3. What is c(-2)?
5
Let g(t) = -2*t**3 + 10*t**2 - 8*t + 8. Give g